{"id":1337,"date":"2024-01-22T12:42:57","date_gmt":"2024-01-22T15:42:57","guid":{"rendered":"https:\/\/chirak.pe\/?post_type=product&#038;p=1337"},"modified":"2026-04-05T14:28:10","modified_gmt":"2026-04-05T18:28:10","slug":"peru-a-tu-gusto-ii-6d-5n-2","status":"publish","type":"product","link":"https:\/\/chirak.pe\/?product=peru-a-tu-gusto-ii-6d-5n-2","title":{"rendered":"Per\u00fa a tu Gusto II 6D\/5N"},"content":{"rendered":"<p style=\"text-align: justify;\">Iniciaremos el viaje conociendo la ciudad de Lima moderna y colonial una ciudad en constante movimiento y rica gastronom\u00eda, unos de los escenarios mas impresionantes es el mar que se encuentra en el barrio de Miraflores.<!--more--><\/p>\n<p style=\"text-align: justify;\">Luego seguimos nuestro viaje a la Ciudad de Cusco de belleza arquitect\u00f3nica colonial ,visita guiada por la ciudad de Cusco y alrededores , el Valle Sagrado , Ollantaytambo, Machu Picchu una de las 7 maravillas del mundo.<\/p>\n<table class=\"table table-bordered tours-tabs__table\" style=\"height: 233px;\" width=\"862\">\n<tbody>\n<tr>\n<td><strong>INICIO\/SALIDA<\/strong><\/td>\n<td>Aeropuerto Internacional Jorge Ch\u00e1vez &#8211; Lima \/ Aeropuerto <span style=\"font-family: inherit; font-size: inherit;\">de Cusco<\/span><\/td>\n<\/tr>\n<tr>\n<td><strong>HORA DE INICIO<\/strong><\/td>\n<td>Por favor llegue 3 horas antes del vuelo<\/td>\n<\/tr>\n<tr>\n<td><strong>INCLUYE<\/strong><\/td>\n<td>\n<table class=\"table table-bordered\" style=\"height: 62px; width: 72.7345%;\" width=\"300\">\n<tbody>\n<tr>\n<td style=\"width: 52.5147%;\">\n<ul>\n<li>Traslado Aeropuerto Jorge Ch\u00e1vez (Lima) \/ Hotel seleccionado<\/li>\n<\/ul>\n<\/td>\n<td style=\"width: 50.2372%;\">\n<ul>\n<li>Excursi\u00f3n d\u00eda completo a\u00a0 Machu Picchu tren Expedici\u00f3n\u00a0 (Almuerzo)<\/li>\n<\/ul>\n<\/td>\n<\/tr>\n<tr>\n<td style=\"width: 52.5147%;\">\n<ul>\n<li aria-level=\"1\">Visita a la ciudad de Lima Moderna y Colonial<\/li>\n<\/ul>\n<\/td>\n<td style=\"width: 50.2372%;\"><\/td>\n<\/tr>\n<tr>\n<td style=\"width: 52.5147%;\">\n<ul>\n<li>Traslado Aeropuerto Velasco Astete \/ Hotel seleccionado\/ aeropuerto<\/li>\n<\/ul>\n<\/td>\n<td style=\"width: 50.2372%;\">\n<ul>\n<li aria-level=\"1\">02 Noches de alojamiento Hotel seleccionado en Lima<\/li>\n<\/ul>\n<ul>\n<li aria-level=\"1\">03 Noches de alojamiento Hotel seleccionado en Cusco<\/li>\n<\/ul>\n<\/td>\n<\/tr>\n<tr>\n<td style=\"width: 52.5147%;\">\n<ul>\n<li>Visita a la ciudad de\u00a0 Cusco y Ruinas Aleda\u00f1as<\/li>\n<\/ul>\n<\/td>\n<td style=\"width: 50.2372%;\"><\/td>\n<\/tr>\n<\/tbody>\n<\/table>\n<\/td>\n<\/tr>\n<tr>\n<td><b>NO INCLUYE<\/b><\/td>\n<td>\n<table class=\"table table-bordered\" style=\"height: 62px;\" width=\"300\">\n<tbody>\n<tr>\n<td>\n<ul>\n<li>Propinas.<\/li>\n<\/ul>\n<\/td>\n<\/tr>\n<tr>\n<td>\n<ul>\n<li>Nada no especificado<\/li>\n<\/ul>\n<\/td>\n<\/tr>\n<\/tbody>\n<\/table>\n<\/td>\n<\/tr>\n<\/tbody>\n<\/table>\n<p><strong>Notas importantes: <\/strong><\/p>\n<ul>\n<li>\n<ul>\n<li style=\"list-style-type: none;\">\n<ul>\n<li style=\"font-weight: 400;\" aria-level=\"1\"><span style=\"font-weight: 400;\">Los servicios han sido cotizados en servicio compartido regular, solo los traslados in\/out son en servicio privado.<\/span><\/li>\n<li style=\"font-weight: 400;\" aria-level=\"1\"><span style=\"font-weight: 400;\">\u00a0Tarifas v\u00e1lidas para pa\u00edses pertenecientes a la comunidad andina, en caso de los clientes que no pertenecen a la comunidad andina considerar $40.00 por persona adicional.\u00a0<\/span><\/li>\n<li style=\"font-weight: 400;\" aria-level=\"1\"><span style=\"font-weight: 400;\">Suplemento por tren Vistadome ($ 65.00) por pasajero.\u00a0<\/span><\/li>\n<\/ul>\n<\/li>\n<\/ul>\n<ul>\n<li aria-level=\"1\"><span style=\"font-weight: 400;\">Las Tarifas pueden modificarse y aumentarse en caso de Fines de semana largos, Festividades, Semana Santa, Inti Raymi (Cusco), Fiestas Patrias, Fiestas de Fin de a\u00f1o.\u00a0\u00a0<\/span><\/li>\n<\/ul>\n<ul>\n<li aria-level=\"1\"><span style=\"font-weight: 400;\">Debido a la Pandemia, factor climatol\u00f3gico o alg\u00fan otro inconveniente que pueda surgir que escape a nuestro control en ruta algunas actividades podr\u00edan ser modificadas por otras de igual categor\u00eda y contenido.<\/span><\/li>\n<\/ul>\n<\/li>\n<\/ul>\n","protected":false},"excerpt":{"rendered":"<p>Iniciaremos el viaje conociendo la ciudad de Lima moderna y colonial una ciudad en constante movimiento y rica gastronom\u00eda, unos de los escenarios mas impresionantes es el mar que se encuentra en el barrio de Miraflores.<\/p>\n","protected":false},"featured_media":1241,"comment_status":"open","ping_status":"closed","template":"","meta":[],"product_cat":[103],"product_tag":[],"class_list":{"0":"post-1337","1":"product","2":"type-product","3":"status-publish","4":"has-post-thumbnail","6":"product_cat-circuitos","8":"first","9":"instock","10":"featured","11":"shipping-taxable","12":"product-type-tour"},"_links":{"self":[{"href":"https:\/\/chirak.pe\/index.php?rest_route=\/wp\/v2\/product\/1337","targetHints":{"allow":["GET"]}}],"collection":[{"href":"https:\/\/chirak.pe\/index.php?rest_route=\/wp\/v2\/product"}],"about":[{"href":"https:\/\/chirak.pe\/index.php?rest_route=\/wp\/v2\/types\/product"}],"replies":[{"embeddable":true,"href":"https:\/\/chirak.pe\/index.php?rest_route=%2Fwp%2Fv2%2Fcomments&post=1337"}],"wp:featuredmedia":[{"embeddable":true,"href":"https:\/\/chirak.pe\/index.php?rest_route=\/wp\/v2\/media\/1241"}],"wp:attachment":[{"href":"https:\/\/chirak.pe\/index.php?rest_route=%2Fwp%2Fv2%2Fmedia&parent=1337"}],"wp:term":[{"taxonomy":"product_cat","embeddable":true,"href":"https:\/\/chirak.pe\/index.php?rest_route=%2Fwp%2Fv2%2Fproduct_cat&post=1337"},{"taxonomy":"product_tag","embeddable":true,"href":"https:\/\/chirak.pe\/index.php?rest_route=%2Fwp%2Fv2%2Fproduct_tag&post=1337"}],"curies":[{"name":"wp","href":"https:\/\/api.w.org\/{rel}","templated":true}]}}